{"id":24,"date":"2021-07-13T10:46:18","date_gmt":"2021-07-13T13:46:18","guid":{"rendered":"https:\/\/www.turaccion.com.ar\/nueva\/?page_id=24"},"modified":"2022-01-20T15:57:27","modified_gmt":"2022-01-20T18:57:27","slug":"quienes-somos","status":"publish","type":"page","link":"https:\/\/catedralturismo.com\/por\/quienes-somos\/","title":{"rendered":"Quem Somos"},"content":{"rendered":"<p>[vc_row type=&#8221;vc_default&#8221; gap=&#8221;35&#8243;][vc_column width=&#8221;1\/2&#8243;]<style type=\"text\/css\" data-type=\"the7_shortcodes-inline-css\">.gallery-carousel-shortcode.gallery-carousel-shortcode-id-f44ad0bbfcf256774a4ccc7109cd46a0 .owl-nav a {\n  width: 56px;\n  height: 56px;\n  border-radius: 0px;\n}\n.dt-arrow-border-on.gallery-carousel-shortcode.gallery-carousel-shortcode-id-f44ad0bbfcf256774a4ccc7109cd46a0 .owl-nav a:not(:hover):before {\n  border-width: 0px;\n}\n.dt-arrow-hover-border-on.gallery-carousel-shortcode.gallery-carousel-shortcode-id-f44ad0bbfcf256774a4ccc7109cd46a0 .owl-nav a:hover:after {\n  border-width: 0px;\n}\n.arrows-bg-on.gallery-carousel-shortcode.gallery-carousel-shortcode-id-f44ad0bbfcf256774a4ccc7109cd46a0 .owl-nav a:before {\n  background: #53b5a3;\n  box-shadow: none;\n}\n.arrows-hover-bg-on.gallery-carousel-shortcode.gallery-carousel-shortcode-id-f44ad0bbfcf256774a4ccc7109cd46a0 .owl-nav a:after {\n  background: #000000;\n  box-shadow: none;\n}\n.gallery-carousel-shortcode.gallery-carousel-shortcode-id-f44ad0bbfcf256774a4ccc7109cd46a0 .owl-nav a.owl-prev {\n  top: 50%;\n  transform: translateY(calc(-50% + 0px));\n  left: 0px;\n}\n@media all and (-ms-high-contrast: none) {\n  .gallery-carousel-shortcode.gallery-carousel-shortcode-id-f44ad0bbfcf256774a4ccc7109cd46a0 .owl-nav a.owl-prev {\n    transform: translateY(-50%);\n    margin-top: 0px;\n  }\n}\n.gallery-carousel-shortcode.gallery-carousel-shortcode-id-f44ad0bbfcf256774a4ccc7109cd46a0 .owl-nav a.owl-prev i {\n  padding: 0px 0px 0px 0px;\n}\n.gallery-carousel-shortcode.gallery-carousel-shortcode-id-f44ad0bbfcf256774a4ccc7109cd46a0 .owl-nav a.owl-next {\n  top: 50%;\n  transform: translateY(calc(-50% + 0px));\n  right: 0px;\n}\n@media all and (-ms-high-contrast: none) {\n  .gallery-carousel-shortcode.gallery-carousel-shortcode-id-f44ad0bbfcf256774a4ccc7109cd46a0 .owl-nav a.owl-next {\n    transform: translateY(-50%);\n    margin-top: 0px;\n  }\n}\n.gallery-carousel-shortcode.gallery-carousel-shortcode-id-f44ad0bbfcf256774a4ccc7109cd46a0 .owl-nav a.owl-next i {\n  padding: 0px 0px 0px 0px;\n}\n.gallery-carousel-shortcode.gallery-carousel-shortcode-id-f44ad0bbfcf256774a4ccc7109cd46a0 .owl-nav i {\n  font-size: 22px;\n}\n.gallery-carousel-shortcode.gallery-carousel-shortcode-id-f44ad0bbfcf256774a4ccc7109cd46a0 .owl-nav a:not(:hover) i,\n.gallery-carousel-shortcode.gallery-carousel-shortcode-id-f44ad0bbfcf256774a4ccc7109cd46a0 .owl-nav a:not(:hover) i:before {\n  color: #ffffff;\n  background: none;\n}\n.gallery-carousel-shortcode.gallery-carousel-shortcode-id-f44ad0bbfcf256774a4ccc7109cd46a0 .owl-nav a:hover i,\n.gallery-carousel-shortcode.gallery-carousel-shortcode-id-f44ad0bbfcf256774a4ccc7109cd46a0 .owl-nav a:hover i:before {\n  color: rgba(255,255,255,0.75);\n  background: none;\n}\n.gallery-carousel-shortcode.gallery-carousel-shortcode-id-f44ad0bbfcf256774a4ccc7109cd46a0 .owl-dots {\n  top: calc(100% + 20px);\n  left: 50%;\n  transform: translateX(calc(-50% + 0px));\n}\n@media all and (-ms-high-contrast: none) {\n  .gallery-carousel-shortcode.gallery-carousel-shortcode-id-f44ad0bbfcf256774a4ccc7109cd46a0 .owl-dots {\n    transform: translateX(-50%);\n    margin-left: 0px;\n  }\n}\n.gallery-carousel-shortcode.gallery-carousel-shortcode-id-f44ad0bbfcf256774a4ccc7109cd46a0 .owl-dot {\n  width: 10px;\n  height: 10px;\n  margin: 0 8px;\n}\n@media screen and (max-width: 778px) {\n  .gallery-carousel-shortcode.gallery-carousel-shortcode-id-f44ad0bbfcf256774a4ccc7109cd46a0.hide-arrows .owl-nav a {\n    display: none;\n  }\n}\n@media screen and (max-width: 778px) {\n  .gallery-carousel-shortcode.gallery-carousel-shortcode-id-f44ad0bbfcf256774a4ccc7109cd46a0.reposition-arrows .owl-nav .owl-prev {\n    top: 50%;\n    transform: translateY(calc(-50% + 0px));\n    left: 10px;\n  }\n  .gallery-carousel-shortcode.gallery-carousel-shortcode-id-f44ad0bbfcf256774a4ccc7109cd46a0.reposition-arrows .owl-nav .owl-next {\n    top: 50%;\n    transform: translateY(calc(-50% + 0px));\n    right: 10px;\n  }\n}\n@media screen and (max-width: 778px) and all and (-ms-high-contrast: none) {\n  .gallery-carousel-shortcode.gallery-carousel-shortcode-id-f44ad0bbfcf256774a4ccc7109cd46a0.reposition-arrows .owl-nav .owl-prev {\n    transform: translateY(-50%);\n    margin-top: 0px;\n  }\n}\n@media screen and (max-width: 778px) and all and (-ms-high-contrast: none) {\n  .gallery-carousel-shortcode.gallery-carousel-shortcode-id-f44ad0bbfcf256774a4ccc7109cd46a0.reposition-arrows .owl-nav .owl-next {\n    transform: translateY(-50%);\n    margin-top: 0px;\n  }\n}\n.gallery-carousel-shortcode.gallery-carousel-shortcode-id-f44ad0bbfcf256774a4ccc7109cd46a0 figure,\n.gallery-carousel-shortcode.gallery-carousel-shortcode-id-f44ad0bbfcf256774a4ccc7109cd46a0 .rollover,\n.gallery-carousel-shortcode.gallery-carousel-shortcode-id-f44ad0bbfcf256774a4ccc7109cd46a0 img,\n.gallery-carousel-shortcode.gallery-carousel-shortcode-id-f44ad0bbfcf256774a4ccc7109cd46a0 .gallery-rollover {\n  border-radius: 0px;\n}\n.gallery-carousel-shortcode.gallery-carousel-shortcode-id-f44ad0bbfcf256774a4ccc7109cd46a0.enable-bg-rollover .gallery-rollover {\n  background: -webkit-linear-gradient();\n  background: linear-gradient();\n}\n.gallery-carousel-shortcode.gallery-carousel-shortcode-id-f44ad0bbfcf256774a4ccc7109cd46a0.enable-img-shadow .owl-stage-outer {\n  padding: 14px 0;\n}\n.gallery-carousel-shortcode.gallery-carousel-shortcode-id-f44ad0bbfcf256774a4ccc7109cd46a0.enable-bg-rollover.hover-scale figure .rollover:after {\n  background: -webkit-linear-gradient();\n  background: linear-gradient();\n}\n.gallery-carousel-shortcode.gallery-carousel-shortcode-id-f44ad0bbfcf256774a4ccc7109cd46a0.gallery-shortcode .gallery-zoom-ico {\n  width: 44px;\n  height: 44px;\n  line-height: 44px;\n  border-radius: 100px;\n  margin: -22px 0 0 -22px;\n  border-width: 0px;\n}\n.dt-icon-bg-on.gallery-carousel-shortcode.gallery-carousel-shortcode-id-f44ad0bbfcf256774a4ccc7109cd46a0.gallery-shortcode .gallery-zoom-ico {\n  background: rgba(255,255,255,0.3);\n  box-shadow: none;\n}\n.gallery-carousel-shortcode.gallery-carousel-shortcode-id-f44ad0bbfcf256774a4ccc7109cd46a0.gallery-shortcode .gallery-zoom-ico:before,\n.gallery-carousel-shortcode.gallery-carousel-shortcode-id-f44ad0bbfcf256774a4ccc7109cd46a0.gallery-shortcode .gallery-zoom-ico span {\n  font-size: 32px;\n  line-height: 44px;\n  color: #ffffff;\n  background: none;\n}\n<\/style><div class=\"owl-carousel gallery-carousel-shortcode gallery-shortcode  dt-gallery-container dt-owl-carousel-call gallery-carousel-shortcode-id-f44ad0bbfcf256774a4ccc7109cd46a0 meta-info-off bullets-small-dot-stroke reposition-arrows dt-icon-bg-off arrows-bg-on arrows-hover-bg-on  hover-fade \" data-scroll-mode=\"1\" data-col-num=\"1\" data-wide-col-num=\"1\" data-laptop-col=\"1\" data-h-tablet-columns-num=\"1\" data-v-tablet-columns-num=\"1\" data-phone-columns-num=\"1\" data-col-gap=\"10\" data-stage-padding=\"0\" data-speed=\"600\" data-autoplay=\"false\" data-autoplay_speed=\"6000\" data-arrows=\"true\" data-bullet=\"false\" data-next-icon=\"icon-ar-017-r\" data-prev-icon=\"icon-ar-017-l\" data-img-shadow-size=\"12px\" data-img-shadow-spread=\"3px\"><div data-post-id=\"843\" data-date=\"2021-12-29T12:11:01-03:00\" data-name=\"empresa1\"><figure class=\"post\"><a href=\"https:\/\/catedralturismo.com\/por\/wp-content\/uploads\/2021\/12\/empresa1.jpg\" class=\"rollover dt-pswp-item layzr-bg\" data-large_image_width=\"800\" data-large_image_height=\"640\" data-dt-img-description=\"\" title=\"empresa1\"><img class=\"preload-me owl-lazy-load\" src=\"data:image\/svg+xml,%3Csvg%20xmlns%3D&#39;http%3A%2F%2Fwww.w3.org%2F2000%2Fsvg&#39;%20viewBox%3D&#39;0%200%20800%20640&#39;%2F%3E\" data-src=\"https:\/\/catedralturismo.com\/por\/wp-content\/uploads\/2021\/12\/empresa1.jpg\" data-srcset=\"https:\/\/catedralturismo.com\/por\/wp-content\/uploads\/2021\/12\/empresa1.jpg 800w\" alt=\"\" width=\"800\" height=\"640\"  \/><span class=\"gallery-rollover\"><\/span><\/a><\/figure><\/div><div data-post-id=\"845\" data-date=\"2021-12-29T12:11:04-03:00\" data-name=\"empresa2\"><figure class=\"post\"><a href=\"https:\/\/catedralturismo.com\/por\/wp-content\/uploads\/2021\/12\/empresa2.jpg\" class=\"rollover dt-pswp-item layzr-bg\" data-large_image_width=\"800\" data-large_image_height=\"640\" data-dt-img-description=\"\" title=\"empresa2\"><img class=\"preload-me owl-lazy-load\" src=\"data:image\/svg+xml,%3Csvg%20xmlns%3D&#39;http%3A%2F%2Fwww.w3.org%2F2000%2Fsvg&#39;%20viewBox%3D&#39;0%200%20800%20640&#39;%2F%3E\" data-src=\"https:\/\/catedralturismo.com\/por\/wp-content\/uploads\/2021\/12\/empresa2.jpg\" data-srcset=\"https:\/\/catedralturismo.com\/por\/wp-content\/uploads\/2021\/12\/empresa2.jpg 800w\" alt=\"\" width=\"800\" height=\"640\"  \/><span class=\"gallery-rollover\"><\/span><\/a><\/figure><\/div><div data-post-id=\"846\" data-date=\"2021-12-29T12:11:07-03:00\" data-name=\"empresa3\"><figure class=\"post\"><a href=\"https:\/\/catedralturismo.com\/por\/wp-content\/uploads\/2021\/12\/empresa3.jpg\" class=\"rollover dt-pswp-item layzr-bg\" data-large_image_width=\"800\" data-large_image_height=\"640\" data-dt-img-description=\"\" title=\"empresa3\"><img class=\"preload-me owl-lazy-load\" src=\"data:image\/svg+xml,%3Csvg%20xmlns%3D&#39;http%3A%2F%2Fwww.w3.org%2F2000%2Fsvg&#39;%20viewBox%3D&#39;0%200%20800%20640&#39;%2F%3E\" data-src=\"https:\/\/catedralturismo.com\/por\/wp-content\/uploads\/2021\/12\/empresa3.jpg\" data-srcset=\"https:\/\/catedralturismo.com\/por\/wp-content\/uploads\/2021\/12\/empresa3.jpg 800w\" alt=\"\" width=\"800\" height=\"640\"  \/><span class=\"gallery-rollover\"><\/span><\/a><\/figure><\/div><div data-post-id=\"847\" data-date=\"2021-12-29T12:11:10-03:00\" data-name=\"empresa4\"><figure class=\"post\"><a href=\"https:\/\/catedralturismo.com\/por\/wp-content\/uploads\/2021\/12\/empresa4.jpg\" class=\"rollover dt-pswp-item layzr-bg\" data-large_image_width=\"800\" data-large_image_height=\"640\" data-dt-img-description=\"\" title=\"empresa4\"><img class=\"preload-me owl-lazy-load\" src=\"data:image\/svg+xml,%3Csvg%20xmlns%3D&#39;http%3A%2F%2Fwww.w3.org%2F2000%2Fsvg&#39;%20viewBox%3D&#39;0%200%20800%20640&#39;%2F%3E\" data-src=\"https:\/\/catedralturismo.com\/por\/wp-content\/uploads\/2021\/12\/empresa4.jpg\" data-srcset=\"https:\/\/catedralturismo.com\/por\/wp-content\/uploads\/2021\/12\/empresa4.jpg 800w\" alt=\"\" width=\"800\" height=\"640\"  \/><span class=\"gallery-rollover\"><\/span><\/a><\/figure><\/div><\/div>[\/vc_column][vc_column width=&#8221;1\/2&#8243;][vc_column_text]Somos uma Operadora de Turismo Receptivo da Argentina, que tem sua sede em San Carlos de Bariloche, cidade que, por seu entorno e caracter\u00edsticas, se converte no centro operacional ideal para esta atividade.<\/p>\n<p><strong>A nossa empresa \u00e9 constitu\u00edda por um grupo de profissionais do Turismo, onde cada um dos seus membros \u00e9 parte fundamental da estrutura que constitu\u00edmos<\/strong>, proporcionando conhecimentos que complementam e enriquecem a nossa experi\u00eancia humana e profissional, para prestar um servi\u00e7o de elevada qualidade aos nossos passageiros.<\/p>\n<p>Para descobrir de tudo, a Patag\u00f4nia Argentina \u00e9 um magn\u00edfico convite a se aventurar por lagos e trilhas e no inverno nada como deslizar por bosques em meio a nevascas profundas e com vistas espetaculares.<\/p>\n<p>Neste quadro, o nosso objetivo prioriza o atendimento personalizado atendendo aos nossos passageiros durante toda a sua estada para que a viagem seja um grande prazer, superando as expectativas dos clientes sob os mais altos padr\u00f5es de qualidade, oferecendo a mais ampla gama de produtos e servi\u00e7os., Para ser a primeira op\u00e7\u00e3o da viajante individual e corporativo, que nossa marca \u00e9 uma refer\u00eancia de qualidade e excel\u00eancia.<\/p>\n<p>Alguns dos servi\u00e7os que prestamos s\u00e3o: passagens a\u00e9reas e terrestres, hospedagem, traslados regulares e privados, excurs\u00f5es, atividades de aventura, turismo corporativo, esqui e snowboard, passeios lacustres, travessia dos lagos andinos, pesca, aluguel de ve\u00edculos sem motorista e temos em ao mesmo tempo com excelentes conex\u00f5es com os diferentes centros tur\u00edsticos do pa\u00eds como Cataratas do Igua\u00e7u, Noroeste da Argentina, Puerto Madryn, El Calafate, Ushuaia, Villa La Angostura, San Mart\u00edn dos Andes, Esquel, Mendoza, Salta, Jujuy entre outros, bem como a Patag\u00f4nia chilena.<\/p>\n<p>Para quem escolhe esta majestosa regi\u00e3o dos Lagos como local de descanso e lazer, Catedral Turismo tem o prop\u00f3sito de oferecer o melhor servi\u00e7o receptivo com o claro prop\u00f3sito de proporcionar ao turista uma estada inesquec\u00edvel.<\/p>\n<p>A partir de agora gostar\u00edamos de t\u00ea-los como clientes num futuro pr\u00f3ximo, ficamos \u00e0 sua inteira disposi\u00e7\u00e3o para qualquer esclarecimento.[\/vc_column_text][\/vc_column][\/vc_row]<\/p>\n","protected":false},"excerpt":{"rendered":"<p>[vc_row type=&#8221;vc_default&#8221; gap=&#8221;35&#8243;][vc_column width=&#8221;1\/2&#8243;][\/vc_column][vc_column width=&#8221;1\/2&#8243;][vc_column_text]Somos uma Operadora de Turismo Receptivo da Argentina, que tem sua sede em San Carlos de Bariloche, cidade que, por seu entorno e caracter\u00edsticas, se converte no centro operacional ideal para esta atividade. A nossa empresa \u00e9 constitu\u00edda por um grupo de profissionais do Turismo, onde cada um dos seus membros&hellip;<\/p>\n","protected":false},"author":1,"featured_media":0,"parent":0,"menu_order":0,"comment_status":"closed","ping_status":"closed","template":"","meta":[],"_links":{"self":[{"href":"https:\/\/catedralturismo.com\/por\/wp-json\/wp\/v2\/pages\/24"}],"collection":[{"href":"https:\/\/catedralturismo.com\/por\/wp-json\/wp\/v2\/pages"}],"about":[{"href":"https:\/\/catedralturismo.com\/por\/wp-json\/wp\/v2\/types\/page"}],"author":[{"embeddable":true,"href":"https:\/\/catedralturismo.com\/por\/wp-json\/wp\/v2\/users\/1"}],"replies":[{"embeddable":true,"href":"https:\/\/catedralturismo.com\/por\/wp-json\/wp\/v2\/comments?post=24"}],"version-history":[{"count":18,"href":"https:\/\/catedralturismo.com\/por\/wp-json\/wp\/v2\/pages\/24\/revisions"}],"predecessor-version":[{"id":1357,"href":"https:\/\/catedralturismo.com\/por\/wp-json\/wp\/v2\/pages\/24\/revisions\/1357"}],"wp:attachment":[{"href":"https:\/\/catedralturismo.com\/por\/wp-json\/wp\/v2\/media?parent=24"}],"curies":[{"name":"wp","href":"https:\/\/api.w.org\/{rel}","templated":true}]}}