{"id":797,"date":"2021-12-28T15:22:49","date_gmt":"2021-12-28T18:22:49","guid":{"rendered":"https:\/\/catedralturismo.com\/nueva\/?page_id=797"},"modified":"2022-01-20T15:58:51","modified_gmt":"2022-01-20T18:58:51","slug":"eventos","status":"publish","type":"page","link":"https:\/\/catedralturismo.com\/por\/eventos\/","title":{"rendered":"Eventos"},"content":{"rendered":"<p>[vc_row][vc_column]<div id=\"ultimate-heading-805469e785d274bf2\" class=\"uvc-heading ult-adjust-bottom-margin ultimate-heading-805469e785d274bf2 uvc-1791 \" data-hspacer=\"no_spacer\"  data-halign=\"center\" style=\"text-align:center\"><div class=\"uvc-heading-spacer no_spacer\" style=\"top\"><\/div><div class=\"uvc-main-heading ult-responsive\"  data-ultimate-target='.uvc-heading.ultimate-heading-805469e785d274bf2 h2'  data-responsive-json-new='{\"font-size\":\"desktop:38px;\",\"line-height\":\"desktop:45px;\"}' ><h2 style=\"font-family:&#039;Raleway&#039;;font-weight:500;color:#53b5a3;\">Criamos eventos originais que motivam, inspiram e fortalecem.<\/h2><\/div><div class=\"uvc-sub-heading ult-responsive\"  data-ultimate-target='.uvc-heading.ultimate-heading-805469e785d274bf2 .uvc-sub-heading '  data-responsive-json-new='{\"font-size\":\"desktop:18px;\",\"line-height\":\"desktop:24px;\"}'  style=\"font-family:&#039;Raleway&#039;;font-weight:normal;margin-top:20px;\">Porque escolher a ag\u00eancia e o destino certo \u00e9 essencial para qualquer evento de sucesso, na Creative Patagonia nos especializamos na organiza\u00e7\u00e3o e gest\u00e3o de confer\u00eancias, incentivos e outras reuni\u00f5es ou eventos especiais. Colocamos a seu servi\u00e7o mais de 20 anos de experi\u00eancia no setor MICE (Reuni\u00f5es, Incentivos, Conven\u00e7\u00f5es, Eventos), uma infraestrutura s\u00f3lida, planejamento impec\u00e1vel com conceitos criativos e servi\u00e7os de alt\u00edssima qualidade. Al\u00e9m disso, nossa equipe treinada far\u00e1 uma execu\u00e7\u00e3o impec\u00e1vel de seu programa para que seu grupo desfrute de uma experi\u00eancia \u00fanica e memor\u00e1vel.<\/div><\/div><div class=\"ult-spacer spacer-69e785d274c80\" data-id=\"69e785d274c80\" data-height=\"40\" data-height-mobile=\"40\" data-height-tab=\"40\" data-height-tab-portrait=\"\" data-height-mobile-landscape=\"\" style=\"clear:both;display:block;\"><\/div><style type=\"text\/css\" data-type=\"the7_shortcodes-inline-css\">#default-btn-14bef040acddbc8f699d1bbde8076442.ico-right-side > i {\n  margin-right: 0px;\n  margin-left: 8px;\n}\n#default-btn-14bef040acddbc8f699d1bbde8076442 > i {\n  margin-right: 8px;\n}\n<\/style><div class=\"btn-align-center\"><a href=\"https:\/\/www.creativepatagonia.com.ar\/\" class=\"default-btn-shortcode dt-btn dt-btn-m link-hover-off \" target=\"_blank\" id=\"default-btn-14bef040acddbc8f699d1bbde8076442\" rel=\"noopener\"><span>CONSULTE MAIS INFORMA\u00c7\u00c3O<\/span><\/a><\/div>[\/vc_column][\/vc_row]<\/p>\n","protected":false},"excerpt":{"rendered":"<p>[vc_row][vc_column][\/vc_column][\/vc_row]<\/p>\n","protected":false},"author":1,"featured_media":0,"parent":0,"menu_order":0,"comment_status":"closed","ping_status":"closed","template":"","meta":[],"_links":{"self":[{"href":"https:\/\/catedralturismo.com\/por\/wp-json\/wp\/v2\/pages\/797"}],"collection":[{"href":"https:\/\/catedralturismo.com\/por\/wp-json\/wp\/v2\/pages"}],"about":[{"href":"https:\/\/catedralturismo.com\/por\/wp-json\/wp\/v2\/types\/page"}],"author":[{"embeddable":true,"href":"https:\/\/catedralturismo.com\/por\/wp-json\/wp\/v2\/users\/1"}],"replies":[{"embeddable":true,"href":"https:\/\/catedralturismo.com\/por\/wp-json\/wp\/v2\/comments?post=797"}],"version-history":[{"count":9,"href":"https:\/\/catedralturismo.com\/por\/wp-json\/wp\/v2\/pages\/797\/revisions"}],"predecessor-version":[{"id":1358,"href":"https:\/\/catedralturismo.com\/por\/wp-json\/wp\/v2\/pages\/797\/revisions\/1358"}],"wp:attachment":[{"href":"https:\/\/catedralturismo.com\/por\/wp-json\/wp\/v2\/media?parent=797"}],"curies":[{"name":"wp","href":"https:\/\/api.w.org\/{rel}","templated":true}]}}